{"id":20893,"date":"2021-09-20T16:06:34","date_gmt":"2021-09-20T14:06:34","guid":{"rendered":"https:\/\/www.groupfleet.com\/?page_id=20893"},"modified":"2023-07-14T09:18:53","modified_gmt":"2023-07-14T07:18:53","slug":"kunden","status":"publish","type":"page","link":"https:\/\/www.groupfleet.com\/de\/kunden\/","title":{"rendered":"Kunden"},"content":{"rendered":"<div class=\"wpb-content-wrapper\"><p>[vc_row][vc_column][vc_row_inner][vc_column_inner width=&#8220;5\/6&#8243;][vc_column_text]Das Gro\u00dfkundengesch\u00e4ft im Volkswagen Konzern wird l\u00e4nder- und marken\u00fcbergreifend von der Volkswagen Group Fleet International koordiniert. Das schlie\u00dft national und international alle auf diesem Gebiet aktiv t\u00e4tigen Marken ein: Volkswagen, Audi, SEAT und CUPRA, \u0160KODA, Volkswagen Nutzfahrzeuge und Volkswagen Financial Services.[\/vc_column_text][\/vc_column_inner][vc_column_inner width=&#8220;1\/6&#8243;][\/vc_column_inner][\/vc_row_inner][\/vc_column][\/vc_row][vc_row][vc_column width=&#8220;1\/3&#8243;][vc_row_inner css=&#8220;.vc_custom_1665674193835{margin-top: 10px !important;margin-right: 10px !important;margin-bottom: 10px !important;margin-left: 10px !important;}&#8220;][vc_column_inner css=&#8220;.vc_custom_1665676989544{margin-right: 0px !important;margin-bottom: 0px !important;margin-left: 0px !important;border-right-width: 0px !important;border-left-width: 0px !important;background-color: #c5dee7 !important;}&#8220;][vc_single_image image=&#8220;29273&#8243; img_size=&#8220;full&#8220; add_caption=&#8220;yes&#8220;][vc_column_text]<span style=\"font-size: 12pt;\">Ab 5 Fahrzeugen im Bestand, Gewerbetreibende, Selbst\u00e4ndige und Freiberufler.<\/span><\/p>\n<p>&nbsp;<\/p>\n<p><span style=\"color: #c5dee7;\">.<\/span>[\/vc_column_text]\n<div class=\"mybutton\" style=\"text-align: center;\">\n\t<a class=\"button button_black\"  href=\"https:\/\/www.groupfleet.com\/de\/kunden\/gewerbekunde\/\" target=\"_self\">Gewerbekunden<\/a>\n<\/div>[\/vc_column_inner][\/vc_row_inner][\/vc_column][vc_column width=&#8220;1\/3&#8243;][vc_row_inner css=&#8220;.vc_custom_1644512197416{margin-top: 10px !important;margin-right: 10px !important;margin-bottom: 10px !important;margin-left: 10px !important;}&#8220;][vc_column_inner css=&#8220;.vc_custom_1665677035712{background-color: #c5dee7 !important;}&#8220;][vc_single_image image=&#8220;29271&#8243; img_size=&#8220;full&#8220; add_caption=&#8220;yes&#8220;][vc_column_text]<span style=\"font-size: 12pt;\">Ab 15 Fahrzeugen im Bestand + 5 Fahrzeuge p.a.; international: ab 500 Fahrzeugen im Bestand (markenunabh\u00e4ngig), in mind. 3 L\u00e4ndern.<\/span>[\/vc_column_text]\n<div class=\"mybutton\" style=\"text-align: center;\">\n\t<a class=\"button button_black\"  href=\"https:\/\/www.groupfleet.com\/de\/kunden\/grosskunde\/\" target=\"_self\">Gro\u00dfkunden<\/a>\n<\/div>[\/vc_column_inner][\/vc_row_inner][\/vc_column][vc_column width=&#8220;1\/3&#8243;][vc_row_inner css=&#8220;.vc_custom_1665677061720{margin-top: 10px !important;margin-right: 10px !important;margin-bottom: 10px !important;margin-left: 10px !important;}&#8220;][vc_column_inner css=&#8220;.vc_custom_1665677048634{background-color: #c5dee7 !important;}&#8220;][vc_single_image image=&#8220;29265&#8243; img_size=&#8220;full&#8220; add_caption=&#8220;yes&#8220;][vc_column_text]<span style=\"font-size: 12pt;\">Bundesbeh\u00f6rden oder -ministerien, Landes- und Bundespolizeien, Bundesstiftungen oder -gesellschaften.<\/span>[\/vc_column_text]\n<div class=\"mybutton\" style=\"text-align: center;\">\n\t<a class=\"button button_black\"  href=\"https:\/\/www.groupfleet.com\/de\/kunden\/direktkunde\/\" target=\"_self\">Direktkunden<\/a>\n<\/div>[\/vc_column_inner][\/vc_row_inner][\/vc_column][\/vc_row]<\/p>\n<\/div>","protected":false},"excerpt":{"rendered":"<p>[vc_row][vc_column][vc_row_inner][vc_column_inner width=&#8220;5\/6&#8243;][vc_column_text]Das Gro\u00dfkundengesch\u00e4ft im Volkswagen Konzern wird l\u00e4nder- und marken\u00fcbergreifend von der Volkswagen Group Fleet International koordiniert. Das schlie\u00dft national und international alle auf diesem Gebiet aktiv t\u00e4tigen Marken ein: Volkswagen, Audi, SEAT und CUPRA, \u0160KODA, Volkswagen Nutzfahrzeuge und Volkswagen Financial Services.[\/vc_column_text][\/vc_column_inner][vc_column_inner width=&#8220;1\/6&#8243;][\/vc_column_inner][\/vc_row_inner][\/vc_column][\/vc_row][vc_row][vc_column width=&#8220;1\/3&#8243;][vc_row_inner css=&#8220;.vc_custom_1665674193835{margin-top: 10px !important;margin-right: 10px !important;margin-bottom: 10px !important;margin-left: 10px !important;}&#8220;][vc_column_inner css=&#8220;.vc_custom_1665676989544{margin-right: 0px [&hellip;]<\/p>\n","protected":false},"author":35,"featured_media":20911,"parent":0,"menu_order":9,"comment_status":"closed","ping_status":"closed","template":"","meta":{"_acf_changed":false,"footnotes":""},"class_list":["post-20893","page","type-page","status-publish","has-post-thumbnail","hentry"],"acf":[],"yoast_head":"<!-- This site is optimized with the Yoast SEO plugin v27.4 - https:\/\/yoast.com\/product\/yoast-seo-wordpress\/ -->\n<title>Kunden - Volkswagen Group | FleetHub<\/title>\n<meta name=\"robots\" content=\"index, follow, max-snippet:-1, max-image-preview:large, max-video-preview:-1\" \/>\n<link rel=\"canonical\" href=\"https:\/\/www.groupfleet.com\/de\/kunden\/\" \/>\n<meta property=\"og:locale\" content=\"de_DE\" \/>\n<meta property=\"og:type\" content=\"article\" \/>\n<meta property=\"og:title\" content=\"Kunden - Volkswagen Group | FleetHub\" \/>\n<meta property=\"og:description\" content=\"[vc_row][vc_column][vc_row_inner][vc_column_inner width=&#8220;5\/6&#8243;][vc_column_text]Das Gro\u00dfkundengesch\u00e4ft im Volkswagen Konzern wird l\u00e4nder- und marken\u00fcbergreifend von der Volkswagen Group Fleet International koordiniert. Das schlie\u00dft national und international alle auf diesem Gebiet aktiv t\u00e4tigen Marken ein: Volkswagen, Audi, SEAT und CUPRA, \u0160KODA, Volkswagen Nutzfahrzeuge und Volkswagen Financial Services.[\/vc_column_text][\/vc_column_inner][vc_column_inner width=&#8220;1\/6&#8243;][\/vc_column_inner][\/vc_row_inner][\/vc_column][\/vc_row][vc_row][vc_column width=&#8220;1\/3&#8243;][vc_row_inner css=&#8220;.vc_custom_1665674193835{margin-top: 10px !important;margin-right: 10px !important;margin-bottom: 10px !important;margin-left: 10px !important;}&#8220;][vc_column_inner css=&#8220;.vc_custom_1665676989544{margin-right: 0px [&hellip;]\" \/>\n<meta property=\"og:url\" content=\"https:\/\/www.groupfleet.com\/de\/kunden\/\" \/>\n<meta property=\"og:site_name\" content=\"Volkswagen Group | FleetHub\" \/>\n<meta property=\"article:modified_time\" content=\"2023-07-14T07:18:53+00:00\" \/>\n<meta property=\"og:image\" content=\"https:\/\/www.groupfleet.com\/wp-content\/uploads\/2021\/09\/search_bg.jpg\" \/>\n\t<meta property=\"og:image:width\" content=\"1920\" \/>\n\t<meta property=\"og:image:height\" content=\"811\" \/>\n\t<meta property=\"og:image:type\" content=\"image\/jpeg\" \/>\n<meta name=\"twitter:card\" content=\"summary_large_image\" \/>\n<meta name=\"twitter:label1\" content=\"Gesch\u00e4tzte Lesezeit\" \/>\n\t<meta name=\"twitter:data1\" content=\"1\u00a0Minute\" \/>\n<script type=\"application\/ld+json\" class=\"yoast-schema-graph\">{\"@context\":\"https:\\\/\\\/schema.org\",\"@graph\":[{\"@type\":\"WebPage\",\"@id\":\"https:\\\/\\\/www.groupfleet.com\\\/de\\\/kunden\\\/\",\"url\":\"https:\\\/\\\/www.groupfleet.com\\\/de\\\/kunden\\\/\",\"name\":\"Kunden - Volkswagen Group | FleetHub\",\"isPartOf\":{\"@id\":\"https:\\\/\\\/www.groupfleet.com\\\/de\\\/#website\"},\"primaryImageOfPage\":{\"@id\":\"https:\\\/\\\/www.groupfleet.com\\\/de\\\/kunden\\\/#primaryimage\"},\"image\":{\"@id\":\"https:\\\/\\\/www.groupfleet.com\\\/de\\\/kunden\\\/#primaryimage\"},\"thumbnailUrl\":\"https:\\\/\\\/www.groupfleet.com\\\/wp-content\\\/uploads\\\/2021\\\/09\\\/search_bg.jpg\",\"datePublished\":\"2021-09-20T14:06:34+00:00\",\"dateModified\":\"2023-07-14T07:18:53+00:00\",\"breadcrumb\":{\"@id\":\"https:\\\/\\\/www.groupfleet.com\\\/de\\\/kunden\\\/#breadcrumb\"},\"inLanguage\":\"de\",\"potentialAction\":[{\"@type\":\"ReadAction\",\"target\":[\"https:\\\/\\\/www.groupfleet.com\\\/de\\\/kunden\\\/\"]}]},{\"@type\":\"ImageObject\",\"inLanguage\":\"de\",\"@id\":\"https:\\\/\\\/www.groupfleet.com\\\/de\\\/kunden\\\/#primaryimage\",\"url\":\"https:\\\/\\\/www.groupfleet.com\\\/wp-content\\\/uploads\\\/2021\\\/09\\\/search_bg.jpg\",\"contentUrl\":\"https:\\\/\\\/www.groupfleet.com\\\/wp-content\\\/uploads\\\/2021\\\/09\\\/search_bg.jpg\",\"width\":1920,\"height\":811},{\"@type\":\"BreadcrumbList\",\"@id\":\"https:\\\/\\\/www.groupfleet.com\\\/de\\\/kunden\\\/#breadcrumb\",\"itemListElement\":[{\"@type\":\"ListItem\",\"position\":1,\"name\":\"Home\",\"item\":\"https:\\\/\\\/www.groupfleet.com\\\/de\\\/\"},{\"@type\":\"ListItem\",\"position\":2,\"name\":\"Kunden\"}]},{\"@type\":\"WebSite\",\"@id\":\"https:\\\/\\\/www.groupfleet.com\\\/de\\\/#website\",\"url\":\"https:\\\/\\\/www.groupfleet.com\\\/de\\\/\",\"name\":\"Volkswagen Group | FleetHub\",\"description\":\"Online magazine for Fleet managers\",\"potentialAction\":[{\"@type\":\"SearchAction\",\"target\":{\"@type\":\"EntryPoint\",\"urlTemplate\":\"https:\\\/\\\/www.groupfleet.com\\\/de\\\/?s={search_term_string}\"},\"query-input\":{\"@type\":\"PropertyValueSpecification\",\"valueRequired\":true,\"valueName\":\"search_term_string\"}}],\"inLanguage\":\"de\"}]}<\/script>\n<!-- \/ Yoast SEO plugin. -->","yoast_head_json":{"title":"Kunden - Volkswagen Group | FleetHub","robots":{"index":"index","follow":"follow","max-snippet":"max-snippet:-1","max-image-preview":"max-image-preview:large","max-video-preview":"max-video-preview:-1"},"canonical":"https:\/\/www.groupfleet.com\/de\/kunden\/","og_locale":"de_DE","og_type":"article","og_title":"Kunden - Volkswagen Group | FleetHub","og_description":"[vc_row][vc_column][vc_row_inner][vc_column_inner width=&#8220;5\/6&#8243;][vc_column_text]Das Gro\u00dfkundengesch\u00e4ft im Volkswagen Konzern wird l\u00e4nder- und marken\u00fcbergreifend von der Volkswagen Group Fleet International koordiniert. Das schlie\u00dft national und international alle auf diesem Gebiet aktiv t\u00e4tigen Marken ein: Volkswagen, Audi, SEAT und CUPRA, \u0160KODA, Volkswagen Nutzfahrzeuge und Volkswagen Financial Services.[\/vc_column_text][\/vc_column_inner][vc_column_inner width=&#8220;1\/6&#8243;][\/vc_column_inner][\/vc_row_inner][\/vc_column][\/vc_row][vc_row][vc_column width=&#8220;1\/3&#8243;][vc_row_inner css=&#8220;.vc_custom_1665674193835{margin-top: 10px !important;margin-right: 10px !important;margin-bottom: 10px !important;margin-left: 10px !important;}&#8220;][vc_column_inner css=&#8220;.vc_custom_1665676989544{margin-right: 0px [&hellip;]","og_url":"https:\/\/www.groupfleet.com\/de\/kunden\/","og_site_name":"Volkswagen Group | FleetHub","article_modified_time":"2023-07-14T07:18:53+00:00","og_image":[{"width":1920,"height":811,"url":"https:\/\/www.groupfleet.com\/wp-content\/uploads\/2021\/09\/search_bg.jpg","type":"image\/jpeg"}],"twitter_card":"summary_large_image","twitter_misc":{"Gesch\u00e4tzte Lesezeit":"1\u00a0Minute"},"schema":{"@context":"https:\/\/schema.org","@graph":[{"@type":"WebPage","@id":"https:\/\/www.groupfleet.com\/de\/kunden\/","url":"https:\/\/www.groupfleet.com\/de\/kunden\/","name":"Kunden - Volkswagen Group | FleetHub","isPartOf":{"@id":"https:\/\/www.groupfleet.com\/de\/#website"},"primaryImageOfPage":{"@id":"https:\/\/www.groupfleet.com\/de\/kunden\/#primaryimage"},"image":{"@id":"https:\/\/www.groupfleet.com\/de\/kunden\/#primaryimage"},"thumbnailUrl":"https:\/\/www.groupfleet.com\/wp-content\/uploads\/2021\/09\/search_bg.jpg","datePublished":"2021-09-20T14:06:34+00:00","dateModified":"2023-07-14T07:18:53+00:00","breadcrumb":{"@id":"https:\/\/www.groupfleet.com\/de\/kunden\/#breadcrumb"},"inLanguage":"de","potentialAction":[{"@type":"ReadAction","target":["https:\/\/www.groupfleet.com\/de\/kunden\/"]}]},{"@type":"ImageObject","inLanguage":"de","@id":"https:\/\/www.groupfleet.com\/de\/kunden\/#primaryimage","url":"https:\/\/www.groupfleet.com\/wp-content\/uploads\/2021\/09\/search_bg.jpg","contentUrl":"https:\/\/www.groupfleet.com\/wp-content\/uploads\/2021\/09\/search_bg.jpg","width":1920,"height":811},{"@type":"BreadcrumbList","@id":"https:\/\/www.groupfleet.com\/de\/kunden\/#breadcrumb","itemListElement":[{"@type":"ListItem","position":1,"name":"Home","item":"https:\/\/www.groupfleet.com\/de\/"},{"@type":"ListItem","position":2,"name":"Kunden"}]},{"@type":"WebSite","@id":"https:\/\/www.groupfleet.com\/de\/#website","url":"https:\/\/www.groupfleet.com\/de\/","name":"Volkswagen Group | FleetHub","description":"Online magazine for Fleet managers","potentialAction":[{"@type":"SearchAction","target":{"@type":"EntryPoint","urlTemplate":"https:\/\/www.groupfleet.com\/de\/?s={search_term_string}"},"query-input":{"@type":"PropertyValueSpecification","valueRequired":true,"valueName":"search_term_string"}}],"inLanguage":"de"}]}},"_links":{"self":[{"href":"https:\/\/www.groupfleet.com\/de\/wp-json\/wp\/v2\/pages\/20893","targetHints":{"allow":["GET"]}}],"collection":[{"href":"https:\/\/www.groupfleet.com\/de\/wp-json\/wp\/v2\/pages"}],"about":[{"href":"https:\/\/www.groupfleet.com\/de\/wp-json\/wp\/v2\/types\/page"}],"author":[{"embeddable":true,"href":"https:\/\/www.groupfleet.com\/de\/wp-json\/wp\/v2\/users\/35"}],"replies":[{"embeddable":true,"href":"https:\/\/www.groupfleet.com\/de\/wp-json\/wp\/v2\/comments?post=20893"}],"version-history":[{"count":0,"href":"https:\/\/www.groupfleet.com\/de\/wp-json\/wp\/v2\/pages\/20893\/revisions"}],"wp:featuredmedia":[{"embeddable":true,"href":"https:\/\/www.groupfleet.com\/de\/wp-json\/wp\/v2\/media\/20911"}],"wp:attachment":[{"href":"https:\/\/www.groupfleet.com\/de\/wp-json\/wp\/v2\/media?parent=20893"}],"curies":[{"name":"wp","href":"https:\/\/api.w.org\/{rel}","templated":true}]}}

<div class="wpb-content-wrapper"><p>[vc_row][vc_column][vc_row_inner][vc_column_inner width=&#8220;5/6&#8243;][vc_column_text]Das Großkundengeschäft im Volkswagen Konzern wird länder- und markenübergreifend von der Volkswagen Group Fleet International koordiniert. Das schließt national und international alle auf diesem Gebiet aktiv tätigen Marken ein: Volkswagen, Audi, SEAT und CUPRA, ŠKODA, Volkswagen Nutzfahrzeuge und Volkswagen Financial Services.[/vc_column_text][/vc_column_inner][vc_column_inner width=&#8220;1/6&#8243;][/vc_column_inner][/vc_row_inner][/vc_column][/vc_row][vc_row][vc_column width=&#8220;1/3&#8243;][vc_row_inner css=&#8220;.vc_custom_1665674193835{margin-top: 10px !important;margin-right: 10px !important;margin-bottom: 10px !important;margin-left: 10px !important;}&#8220;][vc_column_inner css=&#8220;.vc_custom_1665676989544{margin-right: 0px !important;margin-bottom: 0px !important;margin-left: 0px !important;border-right-width: 0px !important;border-left-width: 0px !important;background-color: #c5dee7 !important;}&#8220;][vc_single_image image=&#8220;29273&#8243; img_size=&#8220;full&#8220; add_caption=&#8220;yes&#8220;][vc_column_text]<span style="font-size: 12pt;">Ab 5 Fahrzeugen im Bestand, Gewerbetreibende, Selbständige und Freiberufler.</span></p>
<p>&nbsp;</p>
<p><span style="color: #c5dee7;">.</span>[/vc_column_text]
<div class="mybutton" style="text-align: center;">
	<a class="button button_black"  href="https://www.groupfleet.com/de/kunden/gewerbekunde/" target="_self">Gewerbekunden</a>
</div>[/vc_column_inner][/vc_row_inner][/vc_column][vc_column width=&#8220;1/3&#8243;][vc_row_inner css=&#8220;.vc_custom_1644512197416{margin-top: 10px !important;margin-right: 10px !important;margin-bottom: 10px !important;margin-left: 10px !important;}&#8220;][vc_column_inner css=&#8220;.vc_custom_1665677035712{background-color: #c5dee7 !important;}&#8220;][vc_single_image image=&#8220;29271&#8243; img_size=&#8220;full&#8220; add_caption=&#8220;yes&#8220;][vc_column_text]<span style="font-size: 12pt;">Ab 15 Fahrzeugen im Bestand + 5 Fahrzeuge p.a.; international: ab 500 Fahrzeugen im Bestand (markenunabhängig), in mind. 3 Ländern.</span>[/vc_column_text]
<div class="mybutton" style="text-align: center;">
	<a class="button button_black"  href="https://www.groupfleet.com/de/kunden/grosskunde/" target="_self">Großkunden</a>
</div>[/vc_column_inner][/vc_row_inner][/vc_column][vc_column width=&#8220;1/3&#8243;][vc_row_inner css=&#8220;.vc_custom_1665677061720{margin-top: 10px !important;margin-right: 10px !important;margin-bottom: 10px !important;margin-left: 10px !important;}&#8220;][vc_column_inner css=&#8220;.vc_custom_1665677048634{background-color: #c5dee7 !important;}&#8220;][vc_single_image image=&#8220;29265&#8243; img_size=&#8220;full&#8220; add_caption=&#8220;yes&#8220;][vc_column_text]<span style="font-size: 12pt;">Bundesbehörden oder -ministerien, Landes- und Bundespolizeien, Bundesstiftungen oder -gesellschaften.</span>[/vc_column_text]
<div class="mybutton" style="text-align: center;">
	<a class="button button_black"  href="https://www.groupfleet.com/de/kunden/direktkunde/" target="_self">Direktkunden</a>
</div>[/vc_column_inner][/vc_row_inner][/vc_column][/vc_row]</p>
</div>

<p>[vc_row][vc_column][vc_row_inner][vc_column_inner width=&#8220;5/6&#8243;][vc_column_text]Das Großkundengeschäft im Volkswagen Konzern wird länder- und markenübergreifend von der Volkswagen Group Fleet International koordiniert. Das schließt national und international alle auf diesem Gebiet aktiv tätigen Marken ein: Volkswagen, Audi, SEAT und CUPRA, ŠKODA, Volkswagen Nutzfahrzeuge und Volkswagen Financial Services.[/vc_column_text][/vc_column_inner][vc_column_inner width=&#8220;1/6&#8243;][/vc_column_inner][/vc_row_inner][/vc_column][/vc_row][vc_row][vc_column width=&#8220;1/3&#8243;][vc_row_inner css=&#8220;.vc_custom_1665674193835{margin-top: 10px !important;margin-right: 10px !important;margin-bottom: 10px !important;margin-left: 10px !important;}&#8220;][vc_column_inner css=&#8220;.vc_custom_1665676989544{margin-right: 0px [&hellip;]</p>

<!-- This site is optimized with the Yoast SEO plugin v27.4 - https://yoast.com/product/yoast-seo-wordpress/ -->
<title>Kunden - Volkswagen Group | FleetHub</title>
<meta name="robots" content="index, follow, max-snippet:-1, max-image-preview:large, max-video-preview:-1" />
<link rel="canonical" href="https://www.groupfleet.com/de/kunden/" />
<meta property="og:locale" content="de_DE" />
<meta property="og:type" content="article" />
<meta property="og:title" content="Kunden - Volkswagen Group | FleetHub" />
<meta property="og:description" content="[vc_row][vc_column][vc_row_inner][vc_column_inner width=&#8220;5/6&#8243;][vc_column_text]Das Großkundengeschäft im Volkswagen Konzern wird länder- und markenübergreifend von der Volkswagen Group Fleet International koordiniert. Das schließt national und international alle auf diesem Gebiet aktiv tätigen Marken ein: Volkswagen, Audi, SEAT und CUPRA, ŠKODA, Volkswagen Nutzfahrzeuge und Volkswagen Financial Services.[/vc_column_text][/vc_column_inner][vc_column_inner width=&#8220;1/6&#8243;][/vc_column_inner][/vc_row_inner][/vc_column][/vc_row][vc_row][vc_column width=&#8220;1/3&#8243;][vc_row_inner css=&#8220;.vc_custom_1665674193835{margin-top: 10px !important;margin-right: 10px !important;margin-bottom: 10px !important;margin-left: 10px !important;}&#8220;][vc_column_inner css=&#8220;.vc_custom_1665676989544{margin-right: 0px [&hellip;]" />
<meta property="og:url" content="https://www.groupfleet.com/de/kunden/" />
<meta property="og:site_name" content="Volkswagen Group | FleetHub" />
<meta property="article:modified_time" content="2023-07-14T07:18:53+00:00" />
<meta property="og:image" content="https://www.groupfleet.com/wp-content/uploads/2021/09/search_bg.jpg" />
	<meta property="og:image:width" content="1920" />
	<meta property="og:image:height" content="811" />
	<meta property="og:image:type" content="image/jpeg" />
<meta name="twitter:card" content="summary_large_image" />
<meta name="twitter:label1" content="Geschätzte Lesezeit" />
	<meta name="twitter:data1" content="1 Minute" />
<script type="application/ld+json" class="yoast-schema-graph">{"@context":"https:\/\/schema.org","@graph":[{"@type":"WebPage","@id":"https:\/\/www.groupfleet.com\/de\/kunden\/","url":"https:\/\/www.groupfleet.com\/de\/kunden\/","name":"Kunden - Volkswagen Group | FleetHub","isPartOf":{"@id":"https:\/\/www.groupfleet.com\/de\/#website"},"primaryImageOfPage":{"@id":"https:\/\/www.groupfleet.com\/de\/kunden\/#primaryimage"},"image":{"@id":"https:\/\/www.groupfleet.com\/de\/kunden\/#primaryimage"},"thumbnailUrl":"https:\/\/www.groupfleet.com\/wp-content\/uploads\/2021\/09\/search_bg.jpg","datePublished":"2021-09-20T14:06:34+00:00","dateModified":"2023-07-14T07:18:53+00:00","breadcrumb":{"@id":"https:\/\/www.groupfleet.com\/de\/kunden\/#breadcrumb"},"inLanguage":"de","potentialAction":[{"@type":"ReadAction","target":["https:\/\/www.groupfleet.com\/de\/kunden\/"]}]},{"@type":"ImageObject","inLanguage":"de","@id":"https:\/\/www.groupfleet.com\/de\/kunden\/#primaryimage","url":"https:\/\/www.groupfleet.com\/wp-content\/uploads\/2021\/09\/search_bg.jpg","contentUrl":"https:\/\/www.groupfleet.com\/wp-content\/uploads\/2021\/09\/search_bg.jpg","width":1920,"height":811},{"@type":"BreadcrumbList","@id":"https:\/\/www.groupfleet.com\/de\/kunden\/#breadcrumb","itemListElement":[{"@type":"ListItem","position":1,"name":"Home","item":"https:\/\/www.groupfleet.com\/de\/"},{"@type":"ListItem","position":2,"name":"Kunden"}]},{"@type":"WebSite","@id":"https:\/\/www.groupfleet.com\/de\/#website","url":"https:\/\/www.groupfleet.com\/de\/","name":"Volkswagen Group | FleetHub","description":"Online magazine for Fleet managers","potentialAction":[{"@type":"SearchAction","target":{"@type":"EntryPoint","urlTemplate":"https:\/\/www.groupfleet.com\/de\/?s={search_term_string}"},"query-input":{"@type":"PropertyValueSpecification","valueRequired":true,"valueName":"search_term_string"}}],"inLanguage":"de"}]}</script>
<!-- / Yoast SEO plugin. -->

[vc_row][vc_column][vc_row_inner][vc_column_inner width=&#8220;5/6&#8243;][vc_column_text]Das Großkundengeschäft im Volkswagen Konzern wird länder- und markenübergreifend von der Volkswagen Group Fleet International koordiniert. Das schließt national und international alle auf diesem Gebiet aktiv tätigen Marken ein: Volkswagen, Audi, SEAT und CUPRA, ŠKODA, Volkswagen Nutzfahrzeuge und Volkswagen Financial Services.[/vc_column_text][/vc_column_inner][vc_column_inner width=&#8220;1/6&#8243;][/vc_column_inner][/vc_row_inner][/vc_column][/vc_row][vc_row][vc_column width=&#8220;1/3&#8243;][vc_row_inner css=&#8220;.vc_custom_1665674193835{margin-top: 10px !important;margin-right: 10px !important;margin-bottom: 10px !important;margin-left: 10px !important;}&#8220;][vc_column_inner css=&#8220;.vc_custom_1665676989544{margin-right: 0px [&hellip;]
