{"version":"1.0","provider_name":"Volkswagen Group | FleetHub","provider_url":"https:\/\/www.groupfleet.com\/de\/","title":"Was haben Business und Privates gemeinsam? - Volkswagen Group | FleetHub","type":"rich","width":600,"height":338,"html":"<blockquote class=\"wp-embedded-content\" data-secret=\"EQJrJN768q\"><a href=\"https:\/\/www.groupfleet.com\/de\/audi-q7\/\">Was haben Business und Privates gemeinsam?<\/a><\/blockquote><iframe sandbox=\"allow-scripts\" security=\"restricted\" src=\"https:\/\/www.groupfleet.com\/de\/audi-q7\/embed\/#?secret=EQJrJN768q\" width=\"600\" height=\"338\" title=\"&#8222;Was haben Business und Privates gemeinsam?&#8220; &#8211; Volkswagen Group | FleetHub\" data-secret=\"EQJrJN768q\" frameborder=\"0\" marginwidth=\"0\" marginheight=\"0\" scrolling=\"no\" class=\"wp-embedded-content\"><\/iframe><script type=\"text\/javascript\">\n\/* <![CDATA[ *\/\n\/*! This file is auto-generated *\/\n!function(d,l){\"use strict\";l.querySelector&&d.addEventListener&&\"undefined\"!=typeof URL&&(d.wp=d.wp||{},d.wp.receiveEmbedMessage||(d.wp.receiveEmbedMessage=function(e){var t=e.data;if((t||t.secret||t.message||t.value)&&!\/[^a-zA-Z0-9]\/.test(t.secret)){for(var s,r,n,a=l.querySelectorAll('iframe[data-secret=\"'+t.secret+'\"]'),o=l.querySelectorAll('blockquote[data-secret=\"'+t.secret+'\"]'),c=new RegExp(\"^https?:$\",\"i\"),i=0;i<o.length;i++)o[i].style.display=\"none\";for(i=0;i<a.length;i++)s=a[i],e.source===s.contentWindow&&(s.removeAttribute(\"style\"),\"height\"===t.message?(1e3<(r=parseInt(t.value,10))?r=1e3:~~r<200&&(r=200),s.height=r):\"link\"===t.message&&(r=new URL(s.getAttribute(\"src\")),n=new URL(t.value),c.test(n.protocol))&&n.host===r.host&&l.activeElement===s&&(d.top.location.href=t.value))}},d.addEventListener(\"message\",d.wp.receiveEmbedMessage,!1),l.addEventListener(\"DOMContentLoaded\",function(){for(var e,t,s=l.querySelectorAll(\"iframe.wp-embedded-content\"),r=0;r<s.length;r++)(t=(e=s[r]).getAttribute(\"data-secret\"))||(t=Math.random().toString(36).substring(2,12),e.src+=\"#?secret=\"+t,e.setAttribute(\"data-secret\",t)),e.contentWindow.postMessage({message:\"ready\",secret:t},\"*\")},!1)))}(window,document);\n\/\/# sourceURL=https:\/\/www.groupfleet.com\/wp-includes\/js\/wp-embed.min.js\n\/* ]]> *\/\n<\/script>\n","thumbnail_url":"https:\/\/www.groupfleet.com\/wp-content\/uploads\/2024\/03\/q7_2023_5386_1920x1080.jpg","thumbnail_width":1920,"thumbnail_height":1080,"description":"Genau \u2013 es ist der Audi Q7. Und das aus guten Gr\u00fcnden, schlie\u00dflich geh\u00f6rt das gro\u00dfe SUV von Audi schon seit 2005 zu den beliebtesten Modellen seiner Fahrzeugklasse. Und nachdem sich Dienstwagenflotten immer mehr f\u00fcr die urbanen Sportler \u00f6ffnen, darf auch der Q7 im Businessbereich nicht fehlen: Nat\u00fcrlich wegen seines unverkennbaren Designs \u2013 eben typisch Audi \u2013, das beim Kundentermin f\u00fcr beeindruckende Pr\u00e4senz sorgt. Aber auch, weil er dank seines variablen Innenraumkonzepts ideal im Privaten einsetzbar ist. User-Chooser mit Familie wissen ganz genau, was das bedeutet."}

Genau – es ist der Audi Q7. Und das aus guten Gründen, schließlich gehört das große SUV von Audi schon seit 2005 zu den beliebtesten Modellen seiner Fahrzeugklasse. Und nachdem sich Dienstwagenflotten immer mehr für die urbanen Sportler öffnen, darf auch der Q7 im Businessbereich nicht fehlen: Natürlich wegen seines unverkennbaren Designs – eben typisch Audi –, das beim Kundentermin für beeindruckende Präsenz sorgt. Aber auch, weil er dank seines variablen Innenraumkonzepts ideal im Privaten einsetzbar ist. User-Chooser mit Familie wissen ganz genau, was das bedeutet.
